161
Let w(q) = 7*q**2 - 40*q + 279. What is w(9)?
486
Let w(q) = -8885*q**3 - q**2 + 28*q - 5. Calculate w(0).
-5
Let z(s) = 5*s**2 + 426591*s - 426590. What is z(1)?
6
Let j(l) = l**3 - 349*l**2 + 4689*l + 334. Give j(335).
-1
Let l(a) = -15466*a - 61857. What is l(-4)?
7
Let y(i) = -4*i**2 - 21969*i - 109852. What is y(-5)?
-107
Let j(u) = -65*u**2 - 471*u - 250. Give j(-5).
480
Let y(m) = -522*m + 2268. Give y(7).
-1386
Let s(l) = -l**3 - 35*l**2 - 127*l - 126. Give s(-31).
-33
Let p(w) = -6724*w + 20163. Calculate p(3).
-9
Let r(o) = 3*o**3 - 257*o**2 - 407*o + 5110. Determine r(87).
-23
Let r(x) = x**3 + 102*x**2 + 1869*x - 38582. Determine r(-53).
2
Let q(s) = -s**3 - 25*s**2 + 43*s + 355. Calculate q(-27).
652
Let p(g) = -6*g**2 + 176*g - 1169. Calculate p(19).
9
Let q(y) = -6*y**3 + 24*y**2 + 15*y + 12. What is q(-1)?
27
Let l(u) = u**3 - 84*u**2 + 1032*u + 65. Give l(69).
-142
Let v(n) = 9*n**2 - 2829*n + 5662. Give v(2).
40
Let s(w) = 827*w - 557. Determine s(0).
-557
Let s(g) = 652881*g - 19586403. What is s(30)?
27
Let z(v) = -13*v**2 - 723*v - 9892. Give z(-31).
28
Let u(j) = 12*j**3 - 25*j**2 - 160*j - 12. What is u(-3)?
-81
Let b(y) = 1918*y - 42432. What is b(20)?
-4072
Let u(a) = -417*a**2 + 1672*a + 101. Give u(4).
117
Let y(k) = 3*k**3 + 31*k**2 - 62*k + 12. Give y(-7).
936
Let q(v) = -117872*v - 10844213. Give q(-92).
11
Let y(g) = g**3 + 77*g**2 + 166*g - 872. Calculate y(-75).
-2072
Let r(t) = 75989*t - 3039540. Give r(40).
20
Let n(j) = -20316*j + 101692. Determine n(5).
112
Let r(b) = 11*b**3 + 626*b**2 - 69*b - 675. Give r(-57).
9
Let j(i) = 2*i**3 - 712*i**2 - 721*i + 2494. Determine j(357).
-5
Let d(k) = -2*k**2 + 1847*k - 38240. Determine d(21).
-335
Let b(l) = 344*l + 66411. What is b(-193)?
19
Let o(z) = 2692*z + 59368. What is o(-22)?
144
Let s(m) = m**3 - 155*m**2 + 5345*m + 1167. Calculate s(103).
34
Let d(p) = p**3 + 108*p**2 + 206*p + 10564. Determine d(-107).
-29
Let u(j) = 19027*j - 19016. Determine u(1).
11
Let m(t) = 183*t - 13271. Give m(71).
-278
Let f(j) = -24*j**2 - 131*j + 354. Give f(2).
-4
Let a(j) = -j**3 + 58*j**2 - 575*j + 99. Give a(22).
4873
Let b(c) = -669*c - 6167. Give b(-10).
523
Let s(h) = 3956*h**2 + 245263*h - 528. Determine s(-62).
30
Let j(i) = 3*i**3 - 159*i**2 + 29*i - 1647. Determine j(53).
-110
Let x(o) = -1926*o - 233086. Calculate x(-121).
-40
Let w(n) = -n**2 + 4299*n + 30173. Give w(-7).
31
Let y(v) = 14*v**2 - 853*v + 7245. Determine y(9).
702
Let u(s) = -s**3 + 19*s**2 + 51*s + 878. What is u(23)?
-65
Let n(t) = 663*t - 173621. Calculate n(262).
85
Let l(p) = p**3 + 138*p**2 - 1587*p + 7743. Determine l(-149).
-5
Let j(q) = q**3 + 5*q**2 + 40*q + 175. Give j(-5).
-25
Let i(y) = y**2 + 483923*y + 10645826. Determine i(-22).
4
Let g(q) = q**3 + 167*q**2 - 2731*q + 37. What is g(15)?
22
Let x(t) = 5*t**3 - 31*t**2 + 1820*t - 5318. Calculate x(3).
-2
Let q(r) = -453*r**2 + 1359*r + 5. What is q(3)?
5
Let r(z) = 3195*z + 41515. Determine r(-13).
-20
Let x(a) = 738*a - 1655. What is x(2)?
-179
Let c(d) = 128*d - 12025. Give c(62).
-4089
Let w(u) = -1343*u - 12876. Determine w(-10).
554
Let k(j) = j**3 - 14*j**2 + 177*j - 2591. What is k(14)?
-113
Let x(s) = 9370*s - 365483. Give x(39).
-53
Let x(h) = h**2 + 144*h + 309. Give x(0).
309
Let l(r) = 9144*r - 27526. Calculate l(3).
-94
Let i(b) = -11*b**2 + 1910*b - 3089. Determine i(172).
7
Let d(b) = -b**3 + 23*b**2 + 1060*b + 44. Give d(-23).
-2
Let v(h) = -2467*h + 12285. What is v(5)?
-50
Let y(x) = 4*x**2 - 8628*x + 162479. Calculate y(19).
-9
Let i(n) = -n**3 - 46*n**2 + 16*n + 524. Give i(-46).
-212
Let i(a) = a**2 - 189*a - 10682. Determine i(-47).
410
Let z(i) = -154*i**2 + 13551*i + 44. Determine z(88).
-44
Let b(i) = 967*i + 6912. Give b(-7).
143
Let s(q) = -20519*q - 1354256. Determine s(-66).
-2
Let k(i) = -4*i**3 + 124*i**2 + 769*i - 16656. What is k(33)?
9
Let v(c) = 5*c**3 + 106*c**2 + 28*c - 98. Calculate v(-21).
-245
Let n(q) = -7450*q + 581250. Determine n(78).
150
Let a(w) = 4394*w - 39528. Determine a(9).
18
Let l(a) = -2154*a**2 + 88313*a + 5. Determine l(41).
-36
Let p(z) = 8885*z + 17548. Give p(-2).
-222
Let u(o) = -13378*o + 816069. Determine u(61).
11
Let d(y) = -y**3 + 26*y**2 + 308*y - 452. Determine d(34).
772
Let b(w) = -33*w**2 + 951*w + 4330. Calculate b(-4).
-2
Let j(n) = -4*n**3 + 767*n + 768. Give j(-1).
5
Let m(k) = -8387*k + 24013. Calculate m(3).
-1148
Let h(p) = -65*p**3 - 392*p**2 + 112*p + 673. Give h(-6).
-71
Let k(w) = -6*w**3 + 95*w**2 - 230*w + 18. Give k(13).
-99
Let w(z) = 3*z**2 + 1926*z + 3840. Determine w(-2).
0
Let z(r) = 297*r + 56779. Determine z(-187).
1240
Let q(m) = m**3 - 34*m**2 + 151*m - 152. Calculate q(29).
22
Let z(u) = -42831*u + 128488. Determine z(3).
-5
Let p(k) = -2*k**2 + 242*k + 779. Determine p(123).
287
Let q(n) = n**3 - 75*n**2 - 848*n - 130. What is q(85)?
40
Let i(h) = -741*h**2 + 17767*h + 135. Determine i(24).
-273
Let w(v) = -15*v**2 - 590*v - 2394. What is w(-35)?
-119
Let q(d) = -57*d**2 + 226*d + 4. Calculate q(5).
-291
Let m(f) = -14497*f + 14204. Calculate m(1).
-293
Let q(p) = -3*p + 225. Calculate q(-14).
267
Let d(l) = 2*l**2 + 44*l + 529. Calculate d(-7).
319
Let k(u) = -2*u**3 + 695*u**2 - 12788*u - 1299. Calculate k(328).
13
Let k(l) = 3*l**3 - 108*l**2 - 263*l + 5652. Calculate k(37).
28
Let r(v) = -2686*v - 21368. Give r(-8).
120
Let o(a) = -2*a**3 - 323*a**2 - 793*a - 98. Determine o(-159).
-416
Let y(o) = o**3 - 31*o**2 - 161*o - 672. Calculate y(36).
12
Let u(s) = 21*s**2 + 3156*s - 22150. Calculate u(7).
971
Let q(n) = -636*n + 27277. Calculate q(43).
-71
Let y(t) = 34*t**2 + 296*t + 118. What is y(-8)?
-74
Let d(r) = -r**3 - 16*r**2 + 356*r - 381. Give d(-28).
-941
Let b(m) = -481*m + 59277. Calculate b(123).
114
Let b(s) = s**3 + 13*s**2 + 137*s + 435. Give b(-5).
-50
Let s(v) = 5005*v + 305297. Determine s(-61).
-8
Let l(a) = -688*a - 1866. Calculate l(-3).
198
Let k(y) = -70*y**2 + 7189*y - 5023. What is k(102)?
-25
Let o(q) = -31*q - 126. Determine o(-1).
-95
Let b(g) = g**3 - 292*g**2 - 4237*g - 14389. Determine b(306).
-7
Let r(x) = -3*x**2 - 1450*x - 82613. Give r(-66).
19
Let g(q) = -q**3 - 103*q**2 - 1347*q + 52. Give g(-88).
2428
Let z(b) = -287105*b + 15503678. Give z(54).
8
Let q(n) = n**3 - 189*n**2 - 3734*n + 1634. Calculate q(207).
-22
Let p(v) = v**3 + 114*v**2 + 2626*v + 167. Determine p(-82).
3
Let s(a) = 10*a**2 - 4371*a - 124814. What is s(464)?
2
Let z(r) = 3409*r - 102197. Calculate z(30).
73
Let o(m) = -596237*m - 3577409. Determine o(-6).
13
Let y(r) = 249*r**2 + 1749*r + 302. Give y(-7).
260
Let k(q) = q**2 - 13*q + 1167. Calculate k(42).
2385
Let d(x) = 12*x**2 + 307363*x + 922102. What is d(-3)?
121
Let j(w) = 11*w**2 + 9473*w + 113857. Calculate j(-849).
91
Let z(v) = -v**3 - 274*v**2 + 2*v + 512. Calculate z(-274).
-36
Let k(z) = 19*z**2 + 240*z + 1242. Determine k(-5).
517
Let i(l) = 562*l**2 + 7349*l + 523. Calculate i(-13).
-36
Let s(m) = -m**3 - 101*m**2 - 1181*m - 32487. Determine s(-92).
-11
Let m(h) = -h**3 + 67*h**2 + 653*h - 43788. Give m(67).
-37
Let z(r) = 8*r**2 + 142*r + 126. Determine z(-18).
162
Let t(x) = 22207*x - 155443. Determine t(7).
6
Let z(d) = 2086*d - 108511. Calculate z(52).
-39
Let v(h) = -988*h - 16437. Determine v(-17).
359
Let h(u) = -96*u - 8947. Calculate h(-87).
-595
Let f(t) = 7*t + 10. Give f(25).
185
Let a(u) = 161274*u - 1773945. Determine a(11).
69
Let r(y) = y**3 - 99*y**2 + 211*y + 1. Calculate r(2).
35
Let t(y) = 62*y**3 - 113*y**2 + 397*y - 779. What is t(2)?
59
Let i(d) = 44658*d - 178639. What is i(4)?
-7
Let g(h) = h**2 - 730*h + 11515. Give g(16).
91
Let z(p) = -82*p**2 - 1936*p - 1155. Calculate z(-23).
-5
Let p(j) = 2*j**2 - 390*j + 2190. What is p(192)?
1038
Let g(m) = -m**3 + 65*m**2 + 7010*m - 36554. What is g(5)?
-4
Let o(g) = -103*g**2 - 530*g + 28. Give o(-3).
691
Let j(i) = i**3 + 24*i**2 - 1439*i - 22115. Determine j(-14).
-9
Let t(c) = c**3 - 145*c**2 + 5300*c - 768480. Determine t(145).
20
Let o(y) = -y**3 + 19*y**2 + 169*y - 3148. Determine o(20).
-168
Let f(w) = -103461*w + 620767. Calculate f(6).
1
Let v(x) = -5*x**3 - 117*x**2 - 130*x + 564. Determine v(-22).
36
Let f(r) = 18180*r + 73813. Give f(-4).
1093
Let o(i) = -i**3 + 10*i**2 - 13*i - 140.